{"id":262,"date":"2023-09-05T19:56:17","date_gmt":"2023-09-05T17:56:17","guid":{"rendered":"https:\/\/gateway-omf.com\/?page_id=262"},"modified":"2023-09-26T04:18:06","modified_gmt":"2023-09-26T02:18:06","slug":"mes-reservations","status":"publish","type":"page","link":"https:\/\/gateway-omf.com\/index.php\/mes-reservations\/","title":{"rendered":"Ma r\u00e9servation v\u00e9hicule"},"content":{"rendered":"<style>.elementor-262 .elementor-element.elementor-element-b6fae0a:not(.elementor-motion-effects-element-type-background), .elementor-262 .elementor-element.elementor-element-b6fae0a > .elementor-motion-effects-container > .elementor-motion-effects-layer{background-color:#000000DB;}.elementor-262 .elementor-element.elementor-element-b6fae0a{transition:background 0.3s, border 0.3s, border-radius 0.3s, box-shadow 0.3s;}.elementor-262 .elementor-element.elementor-element-b6fae0a > .elementor-background-overlay{transition:background 0.3s, border-radius 0.3s, opacity 0.3s;}.elementor-262 .elementor-element.elementor-element-8755477 > .elementor-widget-container{--e-transform-translateX:-109px;--e-transform-translateY:-85px;}.elementor-262 .elementor-element.elementor-element-9f6ce1a .premium-modal-box-modal-title{color:#F90101;}.elementor-262 .elementor-element.elementor-element-9f6ce1a .premium-modal-box-modal-title svg{fill:#F90101;}.elementor-262 .elementor-element.elementor-element-9f6ce1a .premium-modal-box-modal-header{border-style:none;}.elementor-262 .elementor-element.elementor-element-9f6ce1a .premium-modal-box-modal-header button{font-size:24px;}.elementor-262 .elementor-element.elementor-element-9f6ce1a .premium-modal-box-modal-lower-close{color:#000000;border-style:double;border-color:#000000;border-radius:100px;}.elementor-262 .elementor-element.elementor-element-9f6ce1a .premium-modal-box-modal-body{color:#000000;}.elementor-262 .elementor-element.elementor-element-9f6ce1a .premium-modal-box-modal-dialog{overflow:auto;border-style:solid;border-width:3px 3px 3px 3px;border-radius:9px;}.elementor-262 .elementor-element.elementor-element-7a2da02 .elementor-heading-title{font-size:22px;-webkit-text-stroke-width:1px;stroke-width:1px;-webkit-text-stroke-color:#000;stroke:#000;color:#DCDBD2;}.elementor-262 .elementor-element.elementor-element-7a2da02{width:var( --container-widget-width, 57.356% );max-width:57.356%;--container-widget-width:57.356%;--container-widget-flex-grow:0;}.elementor-262 .elementor-element.elementor-element-7a2da02 > .elementor-widget-container{--e-transform-translateX:183px;}.elementor-262 .elementor-element.elementor-element-0fe381e{--spacer-size:50px;}.elementor-262 .elementor-element.elementor-element-e333763{width:var( --container-widget-width, 17.461% );max-width:17.461%;--container-widget-width:17.461%;--container-widget-flex-grow:0;top:-146px;}body:not(.rtl) .elementor-262 .elementor-element.elementor-element-e333763{left:718px;}body.rtl .elementor-262 .elementor-element.elementor-element-e333763{right:718px;}:root{--page-title-display:none;}@media(min-width:768px){.elementor-262 .elementor-element.elementor-element-54c6027{width:12.281%;}.elementor-262 .elementor-element.elementor-element-d07309f{width:87.719%;}}<\/style>\t\t<div data-elementor-type=\"wp-page\" data-elementor-id=\"262\" class=\"elementor elementor-262\" data-elementor-post-type=\"page\">\n\t\t\t\t\t\t<section class=\"elementor-section elementor-top-section elementor-element elementor-element-b6fae0a elementor-section-full_width elementor-section-height-full elementor-section-height-default elementor-section-items-middle\" data-id=\"b6fae0a\" data-element_type=\"section\" data-e-type=\"section\" data-settings=\"{&quot;background_background&quot;:&quot;classic&quot;}\">\n\t\t\t\t\t\t<div class=\"elementor-container elementor-column-gap-default\">\n\t\t\t\t\t<div class=\"elementor-column elementor-col-100 elementor-top-column elementor-element elementor-element-9214ab2\" data-id=\"9214ab2\" data-element_type=\"column\" data-e-type=\"column\">\n\t\t\t<div class=\"elementor-widget-wrap elementor-element-populated\">\n\t\t\t\t\t\t<section class=\"elementor-section elementor-inner-section elementor-element elementor-element-e00eb3b elementor-section-boxed elementor-section-height-default elementor-section-height-default\" data-id=\"e00eb3b\" data-element_type=\"section\" data-e-type=\"section\">\n\t\t\t\t\t\t<div class=\"elementor-container elementor-column-gap-default\">\n\t\t\t\t\t<div class=\"elementor-column elementor-col-50 elementor-inner-column elementor-element elementor-element-54c6027\" data-id=\"54c6027\" data-element_type=\"column\" data-e-type=\"column\">\n\t\t\t<div class=\"elementor-widget-wrap elementor-element-populated\">\n\t\t\t\t\t\t<div class=\"elementor-element elementor-element-8755477 e-transform elementor-widget elementor-widget-button\" data-id=\"8755477\" data-element_type=\"widget\" data-e-type=\"widget\" data-settings=\"{&quot;_transform_translateX_effect&quot;:{&quot;unit&quot;:&quot;px&quot;,&quot;size&quot;:-109,&quot;sizes&quot;:[]},&quot;_transform_translateY_effect&quot;:{&quot;unit&quot;:&quot;px&quot;,&quot;size&quot;:-85,&quot;sizes&quot;:[]},&quot;_transform_translateX_effect_tablet&quot;:{&quot;unit&quot;:&quot;px&quot;,&quot;size&quot;:&quot;&quot;,&quot;sizes&quot;:[]},&quot;_transform_translateX_effect_mobile&quot;:{&quot;unit&quot;:&quot;px&quot;,&quot;size&quot;:&quot;&quot;,&quot;sizes&quot;:[]},&quot;_transform_translateY_effect_tablet&quot;:{&quot;unit&quot;:&quot;px&quot;,&quot;size&quot;:&quot;&quot;,&quot;sizes&quot;:[]},&quot;_transform_translateY_effect_mobile&quot;:{&quot;unit&quot;:&quot;px&quot;,&quot;size&quot;:&quot;&quot;,&quot;sizes&quot;:[]}}\" data-widget_type=\"button.default\">\n\t\t\t\t<div class=\"elementor-widget-container\">\n\t\t\t\t\t\t\t\t\t<div class=\"elementor-button-wrapper\">\n\t\t\t\t\t<a class=\"elementor-button elementor-button-link elementor-size-sm elementor-animation-grow\" href=\"https:\/\/gateway-omf.com\/\" target=\"_blank\">\n\t\t\t\t\t\t<span class=\"elementor-button-content-wrapper\">\n\t\t\t\t\t\t\t\t\t<span class=\"elementor-button-text\">Accueil <\/span>\n\t\t\t\t\t<\/span>\n\t\t\t\t\t<\/a>\n\t\t\t\t<\/div>\n\t\t\t\t\t\t\t\t<\/div>\n\t\t\t\t<\/div>\n\t\t\t\t\t<\/div>\n\t\t<\/div>\n\t\t\t\t<div class=\"elementor-column elementor-col-50 elementor-inner-column elementor-element elementor-element-d07309f\" data-id=\"d07309f\" data-element_type=\"column\" data-e-type=\"column\">\n\t\t\t<div class=\"elementor-widget-wrap elementor-element-populated\">\n\t\t\t\t\t\t<div class=\"elementor-element elementor-element-9f6ce1a premium-modal-dismissible-yes elementor-widget elementor-widget-premium-addon-modal-box\" data-id=\"9f6ce1a\" data-element_type=\"widget\" data-e-type=\"widget\" data-settings=\"{&quot;premium_modal_box_animation&quot;:&quot;fadeInDown&quot;}\" data-widget_type=\"premium-addon-modal-box.default\">\n\t\t\t\t<div class=\"elementor-widget-container\">\n\t\t\t\t\t\n\t\t<div class=\"premium-modal-box-container\" data-settings=\"{&quot;trigger&quot;:&quot;pageload&quot;,&quot;show_on_exit&quot;:false,&quot;delay&quot;:90}\">\n\t\t\t<div class=\"premium-modal-trigger-container\">\n\t\t\t\t\t\t\t<\/div>\n\n\t\t\t<div id=\"premium-modal-9f6ce1a\" class=\"premium-modal-box-modal\"\n\t\t\trole=\"dialog\"\n\t\t\tstyle=\"display: none\"\n\t\t\t>\n\t\t\t\t<div class=\"premium-modal-box-modal-dialog\" data-delay-animation=\"\" data-modal-animation=\"fadeInDown animated-fast\">\n\t\t\t\t\t\t\t\t\t\t\t<div class=\"premium-modal-box-modal-header\">\n\t\t\t\t\t\t\t\t\t\t\t\t\t\t\t<h3 class=\"premium-modal-box-modal-title\">\n\t\t\t\t\t\t\t\t\tPetite information pratique \t\t\t\t\t\t\t\t<\/h3>\n\t\t\t\t\t\t\t\t\t\t\t\t\t\t\t\t\t\t\t\t\t\t<div class=\"premium-modal-box-close-button-container\">\n\t\t\t\t\t\t\t\t\t<button type=\"button\" class=\"premium-modal-box-modal-close\" data-dismiss=\"premium-modal\">&times;<\/button>\n\t\t\t\t\t\t\t\t<\/div>\n\t\t\t\t\t\t\t\t\t\t\t\t\t<\/div>\n\t\t\t\t\t\t\t\t\t\t<div class=\"premium-modal-box-modal-body\">\n\t\t\t\t\t\t\t\t\t\t\t\t\t<p><strong>T\u00e9l\u00e9charger ICS est une fonction qui vous permet d&#8217;ouvrir directement le rendez-vous dans votre e-mail en cliquant dessus et en l&#8217;ouvrant avec Gmail , Outlook et bien plus encore\u00a0<\/strong><\/p>\n\t\t\t\t\t\t\t\t\t\t\t<\/div>\n\t\t\t\t\t\t\t\t\t\t\t<div class=\"premium-modal-box-modal-footer\">\n\t\t\t\t\t\t\t<button type=\"button\" class=\"premium-modal-box-modal-lower-close\" data-dismiss=\"premium-modal\">\n\t\t\t\t\t\t\t\tFermer\t\t\t\t\t\t\t<\/button>\n\t\t\t\t\t\t<\/div>\n\t\t\t\t\t\t\t\t\t<\/div>\n\t\t\t<\/div>\n\t\t<\/div>\n\t\t\t\t\t\t<\/div>\n\t\t\t\t<\/div>\n\t\t\t\t\t<\/div>\n\t\t<\/div>\n\t\t\t\t\t<\/div>\n\t\t<\/section>\n\t\t\t\t<div class=\"elementor-element elementor-element-7a2da02 elementor-widget__width-initial e-transform elementor-widget elementor-widget-heading\" data-id=\"7a2da02\" data-element_type=\"widget\" data-e-type=\"widget\" data-settings=\"{&quot;_transform_translateX_effect&quot;:{&quot;unit&quot;:&quot;px&quot;,&quot;size&quot;:183,&quot;sizes&quot;:[]},&quot;_transform_translateX_effect_tablet&quot;:{&quot;unit&quot;:&quot;px&quot;,&quot;size&quot;:&quot;&quot;,&quot;sizes&quot;:[]},&quot;_transform_translateX_effect_mobile&quot;:{&quot;unit&quot;:&quot;px&quot;,&quot;size&quot;:&quot;&quot;,&quot;sizes&quot;:[]},&quot;_transform_translateY_effect&quot;:{&quot;unit&quot;:&quot;px&quot;,&quot;size&quot;:&quot;&quot;,&quot;sizes&quot;:[]},&quot;_transform_translateY_effect_tablet&quot;:{&quot;unit&quot;:&quot;px&quot;,&quot;size&quot;:&quot;&quot;,&quot;sizes&quot;:[]},&quot;_transform_translateY_effect_mobile&quot;:{&quot;unit&quot;:&quot;px&quot;,&quot;size&quot;:&quot;&quot;,&quot;sizes&quot;:[]}}\" data-widget_type=\"heading.default\">\n\t\t\t\t<div class=\"elementor-widget-container\">\n\t\t\t\t\t<h2 class=\"elementor-heading-title elementor-size-default\">Nous vous remercions d'avoir confirmez votre rendez-vous pour la r\u00e9cup\u00e9ration du v\u00e9hicule , maintenant indiqu\u00e9 la date et la personne souhaitant r\u00e9cup\u00e9rer  celui-ci .<\/h2>\t\t\t\t<\/div>\n\t\t\t\t<\/div>\n\t\t\t\t<div class=\"elementor-element elementor-element-0fe381e elementor-widget elementor-widget-spacer\" data-id=\"0fe381e\" data-element_type=\"widget\" data-e-type=\"widget\" data-widget_type=\"spacer.default\">\n\t\t\t\t<div class=\"elementor-widget-container\">\n\t\t\t\t\t\t\t<div class=\"elementor-spacer\">\n\t\t\t<div class=\"elementor-spacer-inner\"><\/div>\n\t\t<\/div>\n\t\t\t\t\t\t<\/div>\n\t\t\t\t<\/div>\n\t\t\t\t<div class=\"elementor-element elementor-element-e333763 elementor-widget__width-initial elementor-absolute elementor-widget elementor-widget-image\" data-id=\"e333763\" data-element_type=\"widget\" data-e-type=\"widget\" data-settings=\"{&quot;_position&quot;:&quot;absolute&quot;}\" data-widget_type=\"image.default\">\n\t\t\t\t<div class=\"elementor-widget-container\">\n\t\t\t\t\t\t\t\t\t\t\t\t\t\t\t<img fetchpriority=\"high\" decoding=\"async\" width=\"500\" height=\"500\" src=\"https:\/\/gateway-omf.com\/wp-content\/uploads\/2023\/09\/logo-getaway.png\" class=\"attachment-large size-large wp-image-285\" alt=\"\" srcset=\"https:\/\/gateway-omf.com\/wp-content\/uploads\/2023\/09\/logo-getaway.png 500w, https:\/\/gateway-omf.com\/wp-content\/uploads\/2023\/09\/logo-getaway-300x300.png 300w, https:\/\/gateway-omf.com\/wp-content\/uploads\/2023\/09\/logo-getaway-150x150.png 150w\" sizes=\"(max-width: 500px) 100vw, 500px\" \/>\t\t\t\t\t\t\t\t\t\t\t\t\t\t\t<\/div>\n\t\t\t\t<\/div>\n\t\t\t\t<div class=\"elementor-element elementor-element-0d2968f elementor-widget elementor-widget-shortcode\" data-id=\"0d2968f\" data-element_type=\"widget\" data-e-type=\"widget\" data-widget_type=\"shortcode.default\">\n\t\t\t\t<div class=\"elementor-widget-container\">\n\t\t\t\t\t\t\t<div class=\"elementor-shortcode\"><!--\nPlugin Name: Bookly - Responsive WordPress Appointment Booking and Scheduling Plugin\nPlugin URI: https:\/\/www.booking-wp-plugin.com\/?utm_source=bookly_admin&utm_medium=plugins_page&utm_campaign=plugins_page\nVersion: 27.4-->\n<style type=\"text\/css\">\n    :root {\n        --bookly-main-color: #b6ac68 !important;\n        --bookly-color: #b6ac68 !important;\n    }\n\n        .bookly-box, .elementor-element, .bookly-nav-steps {\n    transition: all 0.3s ease-out;\n}\n\n\/* Arrondissement des coins pour un look moderne *\/\n.bookly-box, .elementor-element {\n    border-radius: 0px;\n}\n\n\n\n\n\n\n\n\n\n\n\n.bookly-progress-tracker > div:not(:first-child) {\n    color: white ; \n}\n\n.bookly-form .bookly-category-info, .bookly-form .bookly-service-info, .bookly-form .bookly-staff-info {\n\ncolor : white; \n}\n\n.bookly-bold { \ncolor : white ; }\n\n.bookly-box, .elementor-element { \ncolor : white ; }\n\n.intl-tel-input .country-list .country.highlight, .intl-tel-input.allow-dropdown .flag-container:hover .selected-flag {\ncolor : black ; }\n\n.intl-tel-input .country-list .country { \ncolor :black ;\n}\n\n.bookly-box.bookly-nav-steps {\nborder-top : 0px !important;\n}    <\/style><div class=\"bookly-css-root\">\n    <div id=\"bookly-form-container-69e4e2ac5d992\" class=\"bookly-form\" data-form_id=\"\" aria-live=\"polite\">\n        <div style=\"text-align: center\"><img decoding=\"async\" src=\"https:\/\/gateway-omf.com\/wp-includes\/js\/tinymce\/skins\/lightgray\/img\/loader.gif\" alt=\"Loading...\"\/><\/div>\n    <\/div>\n<\/div>\n<script type=\"text\/javascript\">\n    (function (win, fn) {\n        var done = false, top = true,\n            doc = win.document,\n            root = doc.documentElement,\n            modern = doc.addEventListener,\n            add = modern ? 'addEventListener' : 'attachEvent',\n            rem = modern ? 'removeEventListener' : 'detachEvent',\n            pre = modern ? '' : 'on',\n            init = function (e) {\n                if (e.type == 'readystatechange') if (doc.readyState != 'complete') return;\n                (e.type == 'load' ? win : doc)[rem](pre + e.type, init, false);\n                if (!done) {\n                    done = true;\n                    fn.call(win, e.type || e);\n                }\n            },\n            poll = function () {\n                try {\n                    root.doScroll('left');\n                } catch (e) {\n                    setTimeout(poll, 50);\n                    return;\n                }\n                init('poll');\n            };\n        if (doc.readyState == 'complete') fn.call(win, 'lazy');\n        else {\n            if (!modern) if (root.doScroll) {\n                try {\n                    top = !win.frameElement;\n                } catch (e) {\n                }\n                if (top) poll();\n            }\n            doc[add](pre + 'DOMContentLoaded', init, false);\n            doc[add](pre + 'readystatechange', init, false);\n            win[add](pre + 'load', init, false);\n        }\n    })(window, function () {\n        window.bookly( {\"form_id\":\"69e4e2ac5d992\",\"form_data\":{\"skip_service_step\":0,\"hide_service_part1\":0,\"hide_service_part2\":0,\"defaults\":{\"service_id\":0,\"staff_id\":0,\"location_id\":0,\"category_id\":0,\"units\":0,\"date_from\":0,\"time_from\":0,\"time_to\":0}},\"status\":{\"booking\":\"new\"},\"form_token\":null,\"skip_steps\":{\"service_part1\":0,\"service_part2\":0,\"extras\":1,\"time\":0,\"repeat\":1,\"cart\":1},\"errors\":{\"session_error\":\"Session error.\",\"form_id_error\":\"Form ID error.\",\"cart_item_not_available\":\"Le cr\\u00e9neau horaire s\\u00e9lectionn\\u00e9 n'est plus disponible. Merci d'en choisir un autre.\",\"pay_locally_not_available\":\"Pay locally is not available.\",\"invalid_gateway\":\"Invalid gateway.\",\"payment_error\":\"Error.\",\"incorrect_username_password\":\"Incorrect username or password.\"},\"form_attributes\":{\"hide_categories\":false,\"hide_services\":false,\"hide_staff_members\":false,\"show_number_of_persons\":false,\"hide_service_duration\":true,\"hide_locations\":true,\"hide_quantity\":true,\"hide_date\":false,\"hide_week_days\":false,\"hide_time_range\":false},\"use_client_time_zone\":1,\"defaults\":{\"service_id\":0,\"staff_id\":0,\"location_id\":0,\"category_id\":0},\"datepicker_mode\":\"text-accent\"} );\n    });\n<\/script><\/div>\n\t\t\t\t\t\t<\/div>\n\t\t\t\t<\/div>\n\t\t\t\t\t<\/div>\n\t\t<\/div>\n\t\t\t\t\t<\/div>\n\t\t<\/section>\n\t\t\t\t<\/div>\n\t\t","protected":false},"excerpt":{"rendered":"<p>Accueil Petite information pratique &times; T\u00e9l\u00e9charger ICS est une fonction qui vous permet d&#8217;ouvrir directement le rendez-vous dans votre e-mail en cliquant dessus et en l&#8217;ouvrant avec Gmail , Outlook et bien plus encore\u00a0 Fermer Nous vous remercions d&#8217;avoir confirmez votre rendez-vous pour la r\u00e9cup\u00e9ration du v\u00e9hicule , maintenant indiqu\u00e9 la date et la personne [&hellip;]<\/p>\n","protected":false},"author":1,"featured_media":0,"parent":0,"menu_order":0,"comment_status":"closed","ping_status":"closed","template":"elementor_canvas","meta":{"footnotes":""},"class_list":["post-262","page","type-page","status-publish","hentry"],"aioseo_notices":[],"_links":{"self":[{"href":"https:\/\/gateway-omf.com\/index.php\/wp-json\/wp\/v2\/pages\/262","targetHints":{"allow":["GET"]}}],"collection":[{"href":"https:\/\/gateway-omf.com\/index.php\/wp-json\/wp\/v2\/pages"}],"about":[{"href":"https:\/\/gateway-omf.com\/index.php\/wp-json\/wp\/v2\/types\/page"}],"author":[{"embeddable":true,"href":"https:\/\/gateway-omf.com\/index.php\/wp-json\/wp\/v2\/users\/1"}],"replies":[{"embeddable":true,"href":"https:\/\/gateway-omf.com\/index.php\/wp-json\/wp\/v2\/comments?post=262"}],"version-history":[{"count":242,"href":"https:\/\/gateway-omf.com\/index.php\/wp-json\/wp\/v2\/pages\/262\/revisions"}],"predecessor-version":[{"id":1304,"href":"https:\/\/gateway-omf.com\/index.php\/wp-json\/wp\/v2\/pages\/262\/revisions\/1304"}],"wp:attachment":[{"href":"https:\/\/gateway-omf.com\/index.php\/wp-json\/wp\/v2\/media?parent=262"}],"curies":[{"name":"wp","href":"https:\/\/api.w.org\/{rel}","templated":true}]}}